the prime factors of 3362679.
3, 373631
List the prime factors of 268640.
2, 5, 23, 73
List the prime factors of 429325.
5, 13, 1321
What are the prime factors of 11055?
3, 5, 11, 67
List the prime factors of 2380888.
2, 359, 829
What are the prime factors of 199183?
409, 487
List the prime factors of 55790.
2, 5, 7, 797
List the prime factors of 9187741.
23, 181, 2207
List the prime factors of 992637.
3, 53, 2081
List the prime factors of 184964.
2, 13, 3557
List the prime factors of 396935.
5, 7, 11, 1031
What are the prime factors of 19542?
2, 3, 3257
List the prime factors of 12863.
19, 677
What are the prime factors of 20843679?
3, 6947893
What are the prime factors of 15122533?
15122533
List the prime factors of 1893438.
2, 3, 37, 2843
What are the prime factors of 6070123?
79, 76837
List the prime factors of 590226.
2, 3, 7, 13, 23, 47
List the prime factors of 735315.
3, 5, 7, 47, 149
List the prime factors of 773266.
2, 13, 29741
List the prime factors of 7089.
3, 17, 139
List the prime factors of 1047580.
2, 5, 52379
List the prime factors of 4380391.
4380391
List the prime factors of 4300634.
2, 13, 251, 659
What are the prime factors of 426583?
426583
List the prime factors of 992953.
13, 17, 4493
What are the prime factors of 338156?
2, 7, 13, 929
List the prime factors of 394791.
3, 17, 7741
List the prime factors of 2305039.
11, 209549
What are the prime factors of 25123?
7, 37, 97
What are the prime factors of 8786559?
3, 919, 3187
What are the prime factors of 3271980?
2, 3, 5, 23, 2371
List the prime factors of 630661.
577, 1093
List the prime factors of 1026940.
2, 5, 51347
What are the prime factors of 352639?
7, 50377
List the prime factors of 362990.
2, 5, 36299
List the prime factors of 369192.
2, 3, 15383
What are the prime factors of 180458?
2, 23, 3923
List the prime factors of 146478.
2, 3, 24413
List the prime factors of 17827230.
2, 3, 5, 594241
List the prime factors of 260989.
31, 8419
What are the prime factors of 2039486?
2, 401, 2543
List the prime factors of 7081229.
347, 20407
List the prime factors of 1110110.
2, 5, 31, 3581
List the prime factors of 2736521.
61, 113, 397
List the prime factors of 38142.
2, 3, 13, 163
What are the prime factors of 1126801?
13, 86677
List the prime factors of 180750.
2, 3, 5, 241
What are the prime factors of 865665?
3, 5, 19237
What are the prime factors of 2285686?
2, 13, 87911
List the prime factors of 2186492.
2, 7, 11, 31, 229
List the prime factors of 13923233.
47, 59, 5021
What are the prime factors of 195887?
195887
List the prime factors of 173364.
2, 3, 14447
What are the prime factors of 301?
7, 43
What are the prime factors of 21973599?
3, 271279
List the prime factors of 11274897.
3, 3758299
List the prime factors of 309123.
3, 107
What are the prime factors of 18381489?
3, 7, 37, 41, 577
What are the prime factors of 137982?
2, 3, 13, 29, 61
What are the prime factors of 717634?
2, 29, 12373
List the prime factors of 453446.
2, 7, 661
What are the prime factors of 346293?
3, 109, 353
What are the prime factors of 8562428?
2, 7, 313, 977
What are the prime factors of 1482587?
17, 87211
List the prime factors of 907347.
3, 7, 43207
List the prime factors of 1225892.
2, 306473
List the prime factors of 9447663.
3, 3149221
List the prime factors of 10086401.
13, 277, 2801
What are the prime factors of 991851?
3, 7, 73, 647
List the prime factors of 315244.
2, 53, 1487
List the prime factors of 275903.
61, 4523
What are the prime factors of 3959907?
3, 7, 101, 1867
What are the prime factors of 62000?
2, 5, 31
What are the prime factors of 2682690?
2, 3, 5, 223, 401
What are the prime factors of 227111?
227111
What are the prime factors of 1281355?
5, 251, 1021
List the prime factors of 1050649.
751, 1399
List the prime factors of 5609722.
2, 2804861
What are the prime factors of 156667?
7, 22381
What are the prime factors of 1046776?
2, 23, 5689
List the prime factors of 2062888.
2, 257861
What are the prime factors of 2436738?
2, 3, 406123
What are the prime factors of 2618665?
5, 7, 23, 3253
List the prime factors of 9923240.
2, 5, 17, 14593
List the prime factors of 7286.
2, 3643
List the prime factors of 1580364.
2, 3, 14633
List the prime factors of 3146714.
2, 1573357
List the prime factors of 17214329.
11, 1051, 1489
What are the prime factors of 6448?
2, 13, 31
What are the prime factors of 406646?
2, 203323
What are the prime factors of 905227?
905227
List the prime factors of 12185913.
3, 37, 311, 353
What are the prime factors of 291831?
3, 89, 1093
List the prime factors of 84588.
2, 3, 7, 19, 53
List the prime factors of 444681.
3, 49409
List the prime factors of 32421.
3, 101, 107
List the prime factors of 27475487.
13, 137, 15427
What are the prime factors of 13126700?
2, 5, 131267
What are the prime factors of 19035403?
1621, 11743
List the prime factors of 12199178.
2, 19, 321031
List the prime factors of 2632842.
2, 3, 107, 1367
What are the prime factors of 232475?
5, 17, 547
List the prime factors of 6765472.
2, 7, 30203
List the prime factors of 4280990.
2, 5, 7, 23, 2659
List the prime factors of 721378.
2, 7, 17, 433
What are the prime factors of 279354?
2, 3, 46559
What are the prime factors of 397158?
2, 3, 37, 1789
List the prime factors of 329941.
329941
List the prime factors of 2905050.
2, 3, 5, 107, 181
List the prime factors of 208020.
2, 3, 5, 3467
What are the prime factors of 5949856?
2, 11, 16903
What are the prime factors of 265970?
2, 5, 26597
What are the prime factors of 8522751?
3, 2840917
List the prime factors of 206049.
3, 68683
What are the prime factors of 113700?
2, 3, 5, 379
What are the prime factors of 583935?
3, 5, 11, 3539
What are the prime factors of 7296?
2, 3, 19
List the prime factors of 100647.
3, 53, 211
List the prime factors of 1020631.
1020631
List the prime factors of 95273.
95273
List the prime factors of 8240436.
2, 3, 228901
List the prime factors of 270812.
2, 79, 857
List the prime factors of 423122.
2, 7, 30223
What are the prime factors of 254598?
2, 3, 42433
What are the prime factors of 794962?
2, 7, 56783
What are the prime factors of 882410?
2, 5, 88241
List the prime factors of 495994.
2, 247997
List the prime factors of 1255386.
2, 3, 11, 23, 827
What are the prime factors of 12394816?
2, 7, 73, 379
What are the prime factors of 11666775?
3, 5, 155557
What are the prime factors of 3735521?
967, 3863
List the prime factors of 620169.
3, 11, 18793
List the prime factors of 921187.
73, 12619
List the prime factors of 15054732.
2, 3, 7, 11, 5431
What are the prime factors of 603519?
3, 7, 29, 991
List the prime factors of 6419601.
3, 237763
What are the prime factors of 3189978?
2, 3, 11, 16111
What are the prime factors of 296114?
2, 7, 13, 1627
List the prime factors of 7399120.
2, 5, 92489
List the prime factors of 330322.
2, 165161
List the prime factors of 8149127.
7, 491, 2371
List the prime factors of 390997.
71, 5507
List the prime factors of 143191.
17, 8423
List the prime factors of 530361.
3, 13, 1511
What are the prime factors of 1265864?
2, 158233
List the prime factors of 27323652.
2, 3, 157, 14503
What are the prime factors of 15749934?
2, 3, 2624989
What are the prime factors of 764557?
197, 3881
What are the prime factors of 1543403?
313, 4931
What are the prime factors of 3812301?
3, 17, 24917
What are the prime factors of 28619097?
3, 13, 733823
List the prime factors of 2231475.
3, 5, 29753
What are the prime factors of 316608?
2, 3, 17, 97
List the prime factors of 7235.
5, 1447
What are the prime factors of 52950?
2, 3, 5, 353
List the prime factors of 256665.
3, 5, 71, 241
List the prime factors of 165293.
165293
List the prime factors of 590355.
3, 5, 4373
What are the prime factors of 192905?
5, 41, 941
List the prime factors of 63834.
2, 3, 10639
List the prime factors of 59396.
2, 31, 479
List the prime factors of 1330104.
2, 3, 157, 353
List the prime factors of 1027148.
2, 211, 1217
List the prime factors of 21772677.
3, 7257559
What are the prime factors of 385957?
11, 13, 2699
What are the prime factors of 253433?
253433
What are the prime factors of 6584215?
5, 11, 10883
What are the prime factors of 4764374?
2, 2382187
List the prime factors of 2066412.
2, 3